{"id":6769,"date":"2021-04-08T09:39:39","date_gmt":"2021-04-08T09:39:39","guid":{"rendered":"https:\/\/www.tcfca.com\/se-preparer\/?page_id=6769"},"modified":"2026-02-25T00:23:51","modified_gmt":"2026-02-25T00:23:51","slug":"tcf-canada-comprehension-orale","status":"publish","type":"page","link":"https:\/\/www.tcfca.com\/se-preparer\/tcf-canada-comprehension-orale\/","title":{"rendered":"TCF Canada Compr\u00e9hension Orale 2026"},"content":{"rendered":"<h1 style=\"text-align: center;\">TCF Canada Compr\u00e9hension Orale 2026 :<\/h1>\n<ul style=\"box-sizing: border-box; margin: 0px 0px 1.6875rem 1.6875rem; padding: 0px; color: #4d5c6d; font-family: 'sf ui text', sans-serif; background-color: #fafbfd;\">\n<li style=\"box-sizing: border-box; border-radius: 0px;\"><span style=\"box-sizing: border-box; font-weight: bolder;\"><span class=\"fontstyle0\" style=\"box-sizing: border-box;\">L\u2019\u00e9preuve de\u00a0 TCF Canada compr\u00e9hension orale est compos\u00e9e de 39 items, c\u2019est-\u00e0-dire de <\/span><span class=\"fontstyle2\" style=\"box-sizing: border-box;\">39 questions \u00e0 choix multiples<\/span><span class=\"fontstyle0\" style=\"box-sizing: border-box;\">, avec\u00a0<\/span><span class=\"fontstyle2\" style=\"box-sizing: border-box;\">pour chaque question une seule bonne r\u00e9ponse\u00a0<\/span><span class=\"fontstyle0\" style=\"box-sizing: border-box;\">parmi les quatre r\u00e9ponses propos\u00e9es.<\/span><\/span><\/li>\n<li style=\"box-sizing: border-box; border-radius: 0px;\"><span style=\"box-sizing: border-box; font-weight: bolder;\">Le temps est limit\u00e9 \u00e0 35 minutes<\/span><\/li>\n<li style=\"box-sizing: border-box; border-radius: 0px;\"><strong>Dans cette partie du test,vous allez montrer votre compr\u00e9hension du fran\u00e7ais parl\u00e9 dans des situations de la vie quotidienne ou du monde professionnel tel qu\u2019on peut l\u2019entendre en France ou dans un pays francophone.<\/strong><\/li>\n<\/ul>\n<figure id=\"attachment_7951\" aria-describedby=\"caption-attachment-7951\" style=\"width: 568px\" class=\"wp-caption aligncenter\"><img fetchpriority=\"high\" decoding=\"async\" class=\"wp-image-7951 size-full\" style=\"box-sizing: border-box; border: 0px; font-style: italic; vertical-align: middle; clear: both; text-align: center;\" src=\"https:\/\/www.tcfca.com\/wp-content\/uploads\/2020\/06\/co.jpg\" alt=\"TCF Canada Compr\u00e9hension Orale\" width=\"568\" height=\"382\" \/><figcaption id=\"caption-attachment-7951\" class=\"wp-caption-text\">TCF Canada Compr\u00e9hension Orale<\/figcaption><\/figure>\n<ul style=\"box-sizing: border-box; margin: 0px 0px 1.6875rem 1.6875rem; padding: 0px; color: #4d5c6d; font-family: 'sf ui text', sans-serif; background-color: #fafbfd;\">\n<li style=\"box-sizing: border-box; border-radius: 0px;\"><span style=\"box-sizing: border-box; font-weight: bolder;\">Ces questions permettent d\u2019\u00e9valuer vos capacit\u00e9s \u00e0 comprendre le fran\u00e7ais parl\u00e9 et en particulier :<\/span><\/li>\n<\/ul>\n<ol style=\"box-sizing: border-box; margin: 0px 0px 1.6875rem 1.6875rem; padding: 0px; color: #4d5c6d; font-family: 'sf ui text', sans-serif; background-color: #fafbfd;\">\n<li style=\"box-sizing: border-box; border-radius: 0px; list-style-type: none;\">\n<ol style=\"box-sizing: border-box; margin: 0px 0px 1.6875rem 1.6875rem; padding: 0px;\">\n<li style=\"box-sizing: border-box; border-radius: 0px; list-style-type: none;\">\n<ol style=\"box-sizing: border-box; margin: 0px 0px 1.6875rem 1.6875rem; padding: 0px;\">\n<li style=\"box-sizing: border-box; border-radius: 0px;\">des mots et des expressions courantes dans des situations de communication quotidiennes (dialogues, interviews, entretiens, discussions au t\u00e9l\u00e9phone, etc.)<\/li>\n<li style=\"box-sizing: border-box; border-radius: 0px;\">\u00a0l\u2019essentiel de messages et d\u2019annonces publiques<\/li>\n<li style=\"box-sizing: border-box; border-radius: 0px;\">des informations portant sur des personnes, des faits ou des \u00e9v\u00e9nements dans des \u00e9missions de radio ou de t\u00e9l\u00e9vision ayant trait \u00e0 l\u2019actualit\u00e9 ou sur des sujets personnels, professionnels ou \u00e9ducationnels<\/li>\n<li style=\"box-sizing: border-box; border-radius: 0px;\">des expos\u00e9s traitant de sujets concrets ou abstraits<\/li>\n<li style=\"box-sizing: border-box; border-radius: 0px;\">\u00a0tout genre de discours prononc\u00e9 \u00e0 un d\u00e9bit standard.<\/li>\n<\/ol>\n<\/li>\n<\/ol>\n<\/li>\n<\/ol>\n<h2><strong>Se pr\u00e9parer au TCF Canada Compr\u00e9hension Orale:<\/strong><\/h2>\n<p>&nbsp;<\/p>\n<ol>\n<li>\n<h4><a href=\"https:\/\/www.tcfca.com\/se-preparer\/comprehension-orale\/test-01\/\">TCF Canada Compr\u00e9hension Orale Test 01<\/a><\/h4>\n<\/li>\n<li>\n<h4><a href=\"https:\/\/www.tcfca.com\/se-preparer\/comprehension-orale\/test-02\/\">TCF Canada Compr\u00e9hension Orale Test 02<\/a><\/h4>\n<\/li>\n<li>\n<h4><a href=\"https:\/\/www.tcfca.com\/se-preparer\/comprehension-orale\/test-03\/\">TCF Canada Compr\u00e9hension Orale Test 03<\/a><\/h4>\n<\/li>\n<li>\n<h4><a href=\"https:\/\/www.tcfca.com\/se-preparer\/comprehension-orale\/test-04\/\">TCF Canada Compr\u00e9hension Orale Test 04<\/a><\/h4>\n<\/li>\n<li>\n<h4><a href=\"https:\/\/www.tcfca.com\/se-preparer\/comprehension-orale\/test-05\/\">TCF Canada Compr\u00e9hension Orale Test 05<\/a><\/h4>\n<\/li>\n<li>\n<h4><a href=\"https:\/\/www.tcfca.com\/se-preparer\/comprehension-orale\/test-06\/\">TCF Canada Compr\u00e9hension Orale Test 06<\/a><\/h4>\n<\/li>\n<\/ol>\n<ul>\n<li>pour\u00a0<strong>partager les sujets<\/strong>\u00a0de votre session:\u00a0<a href=\"https:\/\/www.tcfca.com\/partager-les-sujets\/\" target=\"_blank\" rel=\"noopener\">cliquer ici<\/a><\/li>\n<li>pour rejoindre notre groupe\u00a0<strong>facebook<\/strong>:\u00a0<a href=\"https:\/\/www.facebook.com\/groups\/TCF.Canada.preparation\" target=\"_blank\" rel=\"noopener\">cliquer ici<\/a><\/li>\n<li>pour rejoindre notre groupe\u00a0<strong>Telegram<\/strong>:\u00a0<a href=\"https:\/\/t.me\/tcfcanada\" target=\"_blank\" rel=\"noopener\">cliquer ici<\/a><\/li>\n<li>Pour Les Sujets de la\u00a0<strong>CO et CE 2026<\/strong>\u00a0:\u00a0<a href=\"https:\/\/www.tcfenligne.com\/\/\" target=\"_blank\" rel=\"noopener\">cliquer ici<\/a><\/li>\n<\/ul>\n<p>&nbsp;<\/p>\n<p>&nbsp;<\/p>\n\t\t<div data-elementor-type=\"section\" data-elementor-id=\"11026\" class=\"elementor elementor-11026\" data-elementor-post-type=\"elementor_library\">\n\t\t\t\t\t<section class=\"elementor-section elementor-top-section elementor-element elementor-element-2e798c3b elementor-section-content-middle elementor-section-boxed elementor-section-height-default elementor-section-height-default\" data-id=\"2e798c3b\" data-element_type=\"section\" data-e-type=\"section\">\n\t\t\t\t\t\t<div class=\"elementor-container elementor-column-gap-default\">\n\t\t\t\t\t<div class=\"elementor-column elementor-col-33 elementor-top-column elementor-element elementor-element-1856ae39\" data-id=\"1856ae39\" data-element_type=\"column\" data-e-type=\"column\" data-settings=\"{&quot;background_background&quot;:&quot;classic&quot;}\">\n\t\t\t<div class=\"elementor-widget-wrap elementor-element-populated\">\n\t\t\t\t\t\t<div class=\"elementor-element elementor-element-5da0a91a elementor-widget elementor-widget-image\" data-id=\"5da0a91a\" data-element_type=\"widget\" data-e-type=\"widget\" data-widget_type=\"image.default\">\n\t\t\t\t<div class=\"elementor-widget-container\">\n\t\t\t\t\t\t\t\t\t\t\t\t\t\t\t<img decoding=\"async\" width=\"400\" height=\"424\" src=\"https:\/\/www.tcfca.com\/se-preparer\/wp-content\/uploads\/2025\/02\/book-CTAz-1-TCF-1.png\" class=\"attachment-full size-full wp-image-11022\" alt=\"\" srcset=\"https:\/\/www.tcfca.com\/se-preparer\/wp-content\/uploads\/2025\/02\/book-CTAz-1-TCF-1.png 400w, https:\/\/www.tcfca.com\/se-preparer\/wp-content\/uploads\/2025\/02\/book-CTAz-1-TCF-1-283x300.png 283w\" sizes=\"(max-width: 400px) 100vw, 400px\" \/>\t\t\t\t\t\t\t\t\t\t\t\t\t\t\t<\/div>\n\t\t\t\t<\/div>\n\t\t\t\t\t<\/div>\n\t\t<\/div>\n\t\t\t\t<div class=\"elementor-column elementor-col-66 elementor-top-column elementor-element elementor-element-1d837ca3\" data-id=\"1d837ca3\" data-element_type=\"column\" data-e-type=\"column\" data-settings=\"{&quot;background_background&quot;:&quot;classic&quot;}\">\n\t\t\t<div class=\"elementor-widget-wrap elementor-element-populated\">\n\t\t\t\t\t\t<section class=\"elementor-section elementor-inner-section elementor-element elementor-element-7db06f9 elementor-section-content-middle elementor-section-boxed elementor-section-height-default elementor-section-height-default\" data-id=\"7db06f9\" data-element_type=\"section\" data-e-type=\"section\">\n\t\t\t\t\t\t<div class=\"elementor-container elementor-column-gap-default\">\n\t\t\t\t\t<div class=\"elementor-column elementor-col-66 elementor-inner-column elementor-element elementor-element-3c135725\" data-id=\"3c135725\" data-element_type=\"column\" data-e-type=\"column\">\n\t\t\t<div class=\"elementor-widget-wrap elementor-element-populated\">\n\t\t\t\t\t\t<div class=\"elementor-element elementor-element-6b0f8796 elementor-widget elementor-widget-image-box\" data-id=\"6b0f8796\" data-element_type=\"widget\" data-e-type=\"widget\" data-widget_type=\"image-box.default\">\n\t\t\t\t<div class=\"elementor-widget-container\">\n\t\t\t\t\t<div class=\"elementor-image-box-wrapper\"><div class=\"elementor-image-box-content\"><h2 class=\"elementor-image-box-title\">Obtenez-le maintenant !<\/h2><p class=\"elementor-image-box-description\">R\u00e9ussissez le TCF Canada avec ce livre d'id\u00e9es incontournable, incluant les derni\u00e8res questions d'examen 2026. <b>Version PDF<\/b><\/p><\/div><\/div>\t\t\t\t<\/div>\n\t\t\t\t<\/div>\n\t\t\t\t\t<\/div>\n\t\t<\/div>\n\t\t\t\t<div class=\"elementor-column elementor-col-33 elementor-inner-column elementor-element elementor-element-532bdc3\" data-id=\"532bdc3\" data-element_type=\"column\" data-e-type=\"column\">\n\t\t\t<div class=\"elementor-widget-wrap elementor-element-populated\">\n\t\t\t\t\t\t<div class=\"elementor-element elementor-element-3efeb6a0 elementor-align-center elementor-invisible elementor-widget elementor-widget-button\" data-id=\"3efeb6a0\" data-element_type=\"widget\" data-e-type=\"widget\" data-settings=\"{&quot;_animation&quot;:&quot;fadeInUp&quot;}\" data-widget_type=\"button.default\">\n\t\t\t\t<div class=\"elementor-widget-container\">\n\t\t\t\t\t\t\t\t\t<div class=\"elementor-button-wrapper\">\n\t\t\t\t\t<a class=\"elementor-button elementor-button-link elementor-size-lg\" href=\"\/tcf-canada-sujets\">\n\t\t\t\t\t\t<span class=\"elementor-button-content-wrapper\">\n\t\t\t\t\t\t<span class=\"elementor-button-icon\">\n\t\t\t\t<i aria-hidden=\"true\" class=\"far fa-arrow-alt-circle-right\"><\/i>\t\t\t<\/span>\n\t\t\t\t\t\t\t\t\t<span class=\"elementor-button-text\">Obtenez-le maintenant!<\/span>\n\t\t\t\t\t<\/span>\n\t\t\t\t\t<\/a>\n\t\t\t\t<\/div>\n\t\t\t\t\t\t\t\t<\/div>\n\t\t\t\t<\/div>\n\t\t\t\t\t<\/div>\n\t\t<\/div>\n\t\t\t\t\t<\/div>\n\t\t<\/section>\n\t\t\t\t\t<\/div>\n\t\t<\/div>\n\t\t\t\t\t<\/div>\n\t\t<\/section>\n\t\t\t\t<\/div>\n\t\t\n","protected":false},"excerpt":{"rendered":"<p>TCF Canada Compr\u00e9hension Orale 2026 : L\u2019\u00e9preuve de\u00a0 TCF Canada compr\u00e9hension orale est compos\u00e9e de 39 items, c\u2019est-\u00e0-dire de 39 questions \u00e0 choix multiples, avec\u00a0pour chaque question une seule bonne r\u00e9ponse\u00a0parmi les quatre r\u00e9ponses propos\u00e9es. Le temps est limit\u00e9 \u00e0 35 minutes Dans cette partie du test,vous allez montrer votre compr\u00e9hension du fran\u00e7ais parl\u00e9 dans [&hellip;]<\/p>\n","protected":false},"author":1,"featured_media":0,"parent":0,"menu_order":0,"comment_status":"closed","ping_status":"closed","template":"","meta":{"site-sidebar-layout":"default","site-content-layout":"default","ast-site-content-layout":"default","site-content-style":"default","site-sidebar-style":"default","ast-global-header-display":"","ast-banner-title-visibility":"","ast-main-header-display":"","ast-hfb-above-header-display":"","ast-hfb-below-header-display":"","ast-hfb-mobile-header-display":"","site-post-title":"","ast-breadcrumbs-content":"","ast-featured-img":"","footer-sml-layout":"","ast-disable-related-posts":"","theme-transparent-header-meta":"default","adv-header-id-meta":"","stick-header-meta":"default","header-above-stick-meta":"","header-main-stick-meta":"","header-below-stick-meta":"","astra-migrate-meta-layouts":"set","ast-page-background-enabled":"default","ast-page-background-meta":{"desktop":{"background-color":"","background-image":"","background-repeat":"repeat","background-position":"center center","background-size":"auto","background-attachment":"scroll","background-type":"","background-media":"","overlay-type":"","overlay-color":"","overlay-opacity":"","overlay-gradient":""},"tablet":{"background-color":"","background-image":"","background-repeat":"repeat","background-position":"center center","background-size":"auto","background-attachment":"scroll","background-type":"","background-media":"","overlay-type":"","overlay-color":"","overlay-opacity":"","overlay-gradient":""},"mobile":{"background-color":"","background-image":"","background-repeat":"repeat","background-position":"center center","background-size":"auto","background-attachment":"scroll","background-type":"","background-media":"","overlay-type":"","overlay-color":"","overlay-opacity":"","overlay-gradient":""}},"ast-content-background-meta":{"desktop":{"background-color":"var(--ast-global-color-5)","background-image":"","background-repeat":"repeat","background-position":"center center","background-size":"auto","background-attachment":"scroll","background-type":"","background-media":"","overlay-type":"","overlay-color":"","overlay-opacity":"","overlay-gradient":""},"tablet":{"background-color":"var(--ast-global-color-5)","background-image":"","background-repeat":"repeat","background-position":"center center","background-size":"auto","background-attachment":"scroll","background-type":"","background-media":"","overlay-type":"","overlay-color":"","overlay-opacity":"","overlay-gradient":""},"mobile":{"background-color":"var(--ast-global-color-5)","background-image":"","background-repeat":"repeat","background-position":"center center","background-size":"auto","background-attachment":"scroll","background-type":"","background-media":"","overlay-type":"","overlay-color":"","overlay-opacity":"","overlay-gradient":""}},"footnotes":""},"class_list":["post-6769","page","type-page","status-publish","hentry"],"_links":{"self":[{"href":"https:\/\/www.tcfca.com\/se-preparer\/wp-json\/wp\/v2\/pages\/6769","targetHints":{"allow":["GET"]}}],"collection":[{"href":"https:\/\/www.tcfca.com\/se-preparer\/wp-json\/wp\/v2\/pages"}],"about":[{"href":"https:\/\/www.tcfca.com\/se-preparer\/wp-json\/wp\/v2\/types\/page"}],"author":[{"embeddable":true,"href":"https:\/\/www.tcfca.com\/se-preparer\/wp-json\/wp\/v2\/users\/1"}],"replies":[{"embeddable":true,"href":"https:\/\/www.tcfca.com\/se-preparer\/wp-json\/wp\/v2\/comments?post=6769"}],"version-history":[{"count":4,"href":"https:\/\/www.tcfca.com\/se-preparer\/wp-json\/wp\/v2\/pages\/6769\/revisions"}],"predecessor-version":[{"id":15556,"href":"https:\/\/www.tcfca.com\/se-preparer\/wp-json\/wp\/v2\/pages\/6769\/revisions\/15556"}],"wp:attachment":[{"href":"https:\/\/www.tcfca.com\/se-preparer\/wp-json\/wp\/v2\/media?parent=6769"}],"curies":[{"name":"wp","href":"https:\/\/api.w.org\/{rel}","templated":true}]}}